{"id":17753,"date":"2021-05-20T19:06:16","date_gmt":"2021-05-21T01:06:16","guid":{"rendered":"https:\/\/aprendoencasayenclase.mineduc.gob.gt\/?page_id=17753"},"modified":"2022-03-24T15:28:27","modified_gmt":"2022-03-24T21:28:27","slug":"guatemala-prospera","status":"publish","type":"page","link":"https:\/\/aprendoencasayenclase.mineduc.gob.gt\/index.php\/guatemala-prospera\/","title":{"rendered":"Guatemala Prospera"},"content":{"rendered":"[vc_row][vc_column]<div class=\"dt-sc-title with-image aligncenter\"><h5>Guatemala Prospera<\/h5><span><\/span><h6><\/h6><\/div>[vc_single_image image=&#8221;17756&#8243; img_size=&#8221;300&#215;183&#8243; onclick=&#8221;custom_link&#8221; link=&#8221;https:\/\/aprendoencasayenclase.mineduc.gob.gt\/?smd_process_download=1&amp;download_id=17761&#8243;][vc_column_text el_class=&#8221;alignjustify&#8221;]&#8221;El Manual de Crecimiento Docente busca equipar educadores para proveer una educaci\u00f3n cada\u00a0vez m\u00e1s efectiva y transformacional en Guatemala por\u00a0medio de una red de trabajo en la comunidad educativa.<\/p>\n<div style=\"text-align: left;\">Su objetivo es fortalecer el sector educativo en la provisi\u00f3n de educaci\u00f3n relevante y\u00a0de calidad. Esto empoderar\u00e1 a ni\u00f1os, adolescentes, j\u00f3venes y adultos a\u00a0ser ciudadanos libres, responsables, que fundamentan su pensamiento,\u00a0sentimiento, comunicaci\u00f3n y acci\u00f3n en principios que los empoderar\u00e1 para\u00a0cumplir su prop\u00f3sito y vocaci\u00f3n como individuos y miembros de la sociedad.&#8221;<\/div>\n[\/vc_column_text]<div id=\"1621554233104-33ce80db-077b\" class=\"dt-sc-empty-space\"><\/div>[vc_single_image image=&#8221;17760&#8243; img_size=&#8221;700&#215;442&#8243; alignment=&#8221;center&#8221; onclick=&#8221;custom_link&#8221; img_link_target=&#8221;_blank&#8221; link=&#8221;https:\/\/aprendoencasayenclase.mineduc.gob.gt\/?smd_process_download=1&amp;download_id=17761&#8243;][vc_column_text el_class=&#8221;aligncenter&#8221;]\n<p style=\"text-align: center;\"><div class=\"sdm_download_button_box_default\"><div class=\"sdm_download_link\"><a href=\"https:\/\/aprendoencasayenclase.mineduc.gob.gt\/?smd_process_download=1&download_id=17761\" class=\"sdm_download grey\" title=\"Manual de crecimiento docente\" >Descargar<\/a><\/div><\/div>\n[\/vc_column_text]<div id=\"1622487322075-23c45d1a-58e2\" class=\"dt-sc-empty-space\"><\/div>[\/vc_column][vc_column][vc_row_inner][vc_column_inner width=&#8221;1\/3&#8243;][\/vc_column_inner][vc_column_inner width=&#8221;1\/3&#8243;]<div class=\"ult-animation  ult-animate-viewport  ult-no-mobile \" data-animate=\"No Animation\" data-animation-delay=\"0\" data-animation-duration=\"3\" data-animation-iteration=\"1\" style=\"opacity:0;\" data-opacity_start_effect=\"\"><div class=\"ult-spacer spacer-69d9663887036\" data-id=\"69d9663887036\" data-height=\"10\" data-height-mobile=\"10\" data-height-tab=\"10\" data-height-tab-portrait=\"\" data-height-mobile-landscape=\"\" style=\"clear:both;display:block;\"><\/div><a href=\"https:\/\/aprendoencasayenclase.mineduc.gob.gt\/index.php\/guatemala-prospera-modulos\/\" title=\"Crecimiento docente \u2013 M\u00f3dulos\" target=\"_blank\" rel=\"noopener\"  class=\"ult_price_action_button\" style=\"background:#cc7606;\"><div class=\"ult_pricing_table_wrap ult_info_table ult_design_2  ult-cs-custom \">\r\n\t\t\t\t\t<div class=\"ult_pricing_table info_min_ht\" style=\"background:#dd9933; min-height:250px;\"><div id=\"Info-table-wrap-4106\" class=\"ult_pricing_heading\" style=\"background:#cc7606;\">\r\n\t\t\t\t\t\t\t<h5 class=\"ult-responsive\"  data-ultimate-target='#Info-table-wrap-4106 h5'  data-responsive-json-new='{\"font-size\":\"\",\"line-height\":\"\"}'  style=\"font-weight:normal;\">Videos<\/h5><\/div><!--ult_pricing_heading--><div class=\"ult_price_body_block\">\r\n\t\t\t\t\t\t\t<div class=\"ult_price_body\">\r\n\t\t\t\t\t\t\t\t<div class=\"ult_price\">\r\n\t\t\t\t\t\t\t\t\t<div class=\"ult-just-icon-wrapper  \"><div class=\"align-icon\" style=\"text-align:center;\">\n<div class=\"aio-icon-img \" style=\"font-size:175px;display:inline-block;\" >\n\t<img class=\"img-icon\" alt=\"\" src=\"https:\/\/aprendoencasayenclase.mineduc.gob.gt\/wp-content\/uploads\/logo-videos-s.png\"\/>\n<\/div><\/div><\/div>\r\n\t\t\t\t\t\t\t\t<\/div>\r\n\t\t\t\t\t\t\t<\/div>\r\n\t\t\t\t\t\t<\/div><!--ult_price_body_block--><div id=\"info_table_features_wrap-6510\"  data-ultimate-target='#info_table_features_wrap-6510.ult_price_features'  data-responsive-json-new='{\"font-size\":\"\",\"line-height\":\"\"}'  class=\"ult-responsive ult_price_features\" style=\"font-weight:normal;\">\r\n\t\t\t\t\t\t\t<h5>Entrar<\/h5>\n\r\n\t\t\t\t\t\t<\/div><!--ult_price_features--><div class=\"ult_clr\"><\/div>\r\n\t\t\t<\/div><!--pricing_table-->\r\n\t\t<\/div><!--pricing_table_wrap--><\/a><\/div>[\/vc_column_inner][vc_column_inner width=&#8221;1\/3&#8243;][\/vc_column_inner][\/vc_row_inner][vc_row_inner][vc_column_inner width=&#8221;1\/4&#8243;][\/vc_column_inner][vc_column_inner width=&#8221;1\/2&#8243;][vc_raw_html]JTNDdGFibGUlMjBjbGFzcyUzRCUyMmtpZHMtam9iLWxpc3QlMjIlM0UlMEElMjAlMjAlMjAlM0N0ciUzRSUyMCUzQ3RoJTNFJTNDc3R5bGUlM0QlMjJtYXJnaW4tcmlnaHQlM0ExMHB4JTNCJTIyJTNFJTIwR3UlQzMlQURhJTIwZGVsJTIwZG9jZW50ZSUyMHBhcmElMjBlbCUyMHVzbyUyMGRlbCUyMGF1ZGlvbGlicm8lMjBZbyUyMERlY2lkbyUyMCUzQyUyRnRoJTNFJTNDdGglM0UlM0NzdHlsZSUzRCUyMm1hcmdpbi1yaWdodCUzQTEwcHglM0IlMjIlM0UlM0MlMkZpJTNFUGFyYSUyMGRlc2NhcmdhciUzQyUyRnRoJTNFJTNDJTJGdHIlM0UlMEElMjAlM0N0ciUzRSUyMCUyMCUwQSUyMCUyMCUyMCUyMCUyMCUyMCUzQ3RkJTNFJTIwR3UlQzMlQURhJTIwZGVsJTIwZG9jZW50ZSUyMHBhcmElMjBlbCUyMHVzbyUyMGRlbCUyMGF1ZGlvbGlicm8lMjBZbyUyMERlY2lkbyUzQyUyRnRkJTNFJTBBJTIwJTIwJTIwJTIwJTIwJTIwJTNDdGQlM0UlMjAlM0NhJTIwaHJlZiUzRCUyMmh0dHBzJTNBJTJGJTJGYXByZW5kb2VuY2FzYXllbmNsYXNlLm1pbmVkdWMuZ29iLmd0JTJGd3AtY29udGVudCUyRnVwbG9hZHMlMkZndWlhX2RlbF9kb2NlbnRlX2F1ZGlvX2xpYnJvLnBkZiUyMiUyMHRhcmdldCUzRCUyMl9ibGFuayUyMiUzRURlc2NhcmdhciUzQyUyRmElM0UlM0MlMkZ0ZCUzRSUwQSUyMCUzQyUyRnRyJTNFJTBBJTNDJTJGdGFibGUlM0U=[\/vc_raw_html][\/vc_column_inner][vc_column_inner width=&#8221;1\/4&#8243;][\/vc_column_inner][\/vc_row_inner][\/vc_column][\/vc_row]\n","protected":false},"excerpt":{"rendered":"<p>[vc_row][vc_column][vc_single_image image=&#8221;17756&#8243; img_size=&#8221;300&#215;183&#8243; onclick=&#8221;custom_link&#8221; link=&#8221;https:\/\/aprendoencasayenclase.mineduc.gob.gt\/?smd_process_download=1&amp;download_id=17761&#8243;][vc_column_text el_class=&#8221;alignjustify&#8221;]&#8221;El Manual de Crecimiento Docente busca equipar educadores para proveer una educaci\u00f3n cada\u00a0vez m\u00e1s efectiva y transformacional en Guatemala por\u00a0medio de una red de trabajo en la comunidad educativa. Su objetivo es fortalecer el sector educativo en la provisi\u00f3n de educaci\u00f3n relevante y\u00a0de calidad. Esto empoderar\u00e1 a ni\u00f1os, adolescentes, j\u00f3venes<a class=\"moretag\" href=\"https:\/\/aprendoencasayenclase.mineduc.gob.gt\/index.php\/guatemala-prospera\/\"> Continuar&#8230;<\/a><\/p>\n","protected":false},"author":1,"featured_media":0,"parent":0,"menu_order":0,"comment_status":"closed","ping_status":"closed","template":"","meta":[],"yoast_head":"<!-- This site is optimized with the Yoast SEO plugin v19.6.1 - https:\/\/yoast.com\/wordpress\/plugins\/seo\/ -->\n<title>Guatemala Prospera - Aprendoencasayenclase<\/title>\n<meta name=\"robots\" content=\"index, follow, max-snippet:-1, max-image-preview:large, max-video-preview:-1\" \/>\n<link rel=\"canonical\" href=\"https:\/\/aprendoencasayenclase.mineduc.gob.gt\/index.php\/guatemala-prospera\/\" \/>\n<meta property=\"og:locale\" content=\"es_ES\" \/>\n<meta property=\"og:type\" content=\"article\" \/>\n<meta property=\"og:title\" content=\"Guatemala Prospera - Aprendoencasayenclase\" \/>\n<meta property=\"og:description\" content=\"[vc_row][vc_column][vc_single_image image=&#8221;17756&#8243; img_size=&#8221;300&#215;183&#8243; onclick=&#8221;custom_link&#8221; link=&#8221;https:\/\/aprendoencasayenclase.mineduc.gob.gt\/?smd_process_download=1&amp;download_id=17761&#8243;][vc_column_text el_class=&#8221;alignjustify&#8221;]&#8221;El Manual de Crecimiento Docente busca equipar educadores para proveer una educaci\u00f3n cada\u00a0vez m\u00e1s efectiva y transformacional en Guatemala por\u00a0medio de una red de trabajo en la comunidad educativa. Su objetivo es fortalecer el sector educativo en la provisi\u00f3n de educaci\u00f3n relevante y\u00a0de calidad. Esto empoderar\u00e1 a ni\u00f1os, adolescentes, j\u00f3venes Continuar...\" \/>\n<meta property=\"og:url\" content=\"https:\/\/aprendoencasayenclase.mineduc.gob.gt\/index.php\/guatemala-prospera\/\" \/>\n<meta property=\"og:site_name\" content=\"Aprendoencasayenclase\" \/>\n<meta property=\"article:modified_time\" content=\"2022-03-24T21:28:27+00:00\" \/>\n<meta name=\"twitter:card\" content=\"summary_large_image\" \/>\n<meta name=\"twitter:label1\" content=\"Est. reading time\" \/>\n\t<meta name=\"twitter:data1\" content=\"1 minuto\" \/>\n<script type=\"application\/ld+json\" class=\"yoast-schema-graph\">{\"@context\":\"https:\/\/schema.org\",\"@graph\":[{\"@type\":\"WebPage\",\"@id\":\"https:\/\/aprendoencasayenclase.mineduc.gob.gt\/index.php\/guatemala-prospera\/\",\"url\":\"https:\/\/aprendoencasayenclase.mineduc.gob.gt\/index.php\/guatemala-prospera\/\",\"name\":\"Guatemala Prospera - Aprendoencasayenclase\",\"isPartOf\":{\"@id\":\"https:\/\/aprendoencasayenclase.mineduc.gob.gt\/#website\"},\"datePublished\":\"2021-05-21T01:06:16+00:00\",\"dateModified\":\"2022-03-24T21:28:27+00:00\",\"breadcrumb\":{\"@id\":\"https:\/\/aprendoencasayenclase.mineduc.gob.gt\/index.php\/guatemala-prospera\/#breadcrumb\"},\"inLanguage\":\"es\",\"potentialAction\":[{\"@type\":\"ReadAction\",\"target\":[\"https:\/\/aprendoencasayenclase.mineduc.gob.gt\/index.php\/guatemala-prospera\/\"]}]},{\"@type\":\"BreadcrumbList\",\"@id\":\"https:\/\/aprendoencasayenclase.mineduc.gob.gt\/index.php\/guatemala-prospera\/#breadcrumb\",\"itemListElement\":[{\"@type\":\"ListItem\",\"position\":1,\"name\":\"Inicio\",\"item\":\"https:\/\/aprendoencasayenclase.mineduc.gob.gt\/\"},{\"@type\":\"ListItem\",\"position\":2,\"name\":\"Guatemala Prospera\"}]},{\"@type\":\"WebSite\",\"@id\":\"https:\/\/aprendoencasayenclase.mineduc.gob.gt\/#website\",\"url\":\"https:\/\/aprendoencasayenclase.mineduc.gob.gt\/\",\"name\":\"Aprendoencasa\",\"description\":\"Aprendo\",\"potentialAction\":[{\"@type\":\"SearchAction\",\"target\":{\"@type\":\"EntryPoint\",\"urlTemplate\":\"https:\/\/aprendoencasayenclase.mineduc.gob.gt\/?s={search_term_string}\"},\"query-input\":\"required name=search_term_string\"}],\"inLanguage\":\"es\"}]}<\/script>\n<!-- \/ Yoast SEO plugin. -->","yoast_head_json":{"title":"Guatemala Prospera - Aprendoencasayenclase","robots":{"index":"index","follow":"follow","max-snippet":"max-snippet:-1","max-image-preview":"max-image-preview:large","max-video-preview":"max-video-preview:-1"},"canonical":"https:\/\/aprendoencasayenclase.mineduc.gob.gt\/index.php\/guatemala-prospera\/","og_locale":"es_ES","og_type":"article","og_title":"Guatemala Prospera - Aprendoencasayenclase","og_description":"[vc_row][vc_column][vc_single_image image=&#8221;17756&#8243; img_size=&#8221;300&#215;183&#8243; onclick=&#8221;custom_link&#8221; link=&#8221;https:\/\/aprendoencasayenclase.mineduc.gob.gt\/?smd_process_download=1&amp;download_id=17761&#8243;][vc_column_text el_class=&#8221;alignjustify&#8221;]&#8221;El Manual de Crecimiento Docente busca equipar educadores para proveer una educaci\u00f3n cada\u00a0vez m\u00e1s efectiva y transformacional en Guatemala por\u00a0medio de una red de trabajo en la comunidad educativa. Su objetivo es fortalecer el sector educativo en la provisi\u00f3n de educaci\u00f3n relevante y\u00a0de calidad. Esto empoderar\u00e1 a ni\u00f1os, adolescentes, j\u00f3venes Continuar...","og_url":"https:\/\/aprendoencasayenclase.mineduc.gob.gt\/index.php\/guatemala-prospera\/","og_site_name":"Aprendoencasayenclase","article_modified_time":"2022-03-24T21:28:27+00:00","twitter_card":"summary_large_image","twitter_misc":{"Est. reading time":"1 minuto"},"schema":{"@context":"https:\/\/schema.org","@graph":[{"@type":"WebPage","@id":"https:\/\/aprendoencasayenclase.mineduc.gob.gt\/index.php\/guatemala-prospera\/","url":"https:\/\/aprendoencasayenclase.mineduc.gob.gt\/index.php\/guatemala-prospera\/","name":"Guatemala Prospera - Aprendoencasayenclase","isPartOf":{"@id":"https:\/\/aprendoencasayenclase.mineduc.gob.gt\/#website"},"datePublished":"2021-05-21T01:06:16+00:00","dateModified":"2022-03-24T21:28:27+00:00","breadcrumb":{"@id":"https:\/\/aprendoencasayenclase.mineduc.gob.gt\/index.php\/guatemala-prospera\/#breadcrumb"},"inLanguage":"es","potentialAction":[{"@type":"ReadAction","target":["https:\/\/aprendoencasayenclase.mineduc.gob.gt\/index.php\/guatemala-prospera\/"]}]},{"@type":"BreadcrumbList","@id":"https:\/\/aprendoencasayenclase.mineduc.gob.gt\/index.php\/guatemala-prospera\/#breadcrumb","itemListElement":[{"@type":"ListItem","position":1,"name":"Inicio","item":"https:\/\/aprendoencasayenclase.mineduc.gob.gt\/"},{"@type":"ListItem","position":2,"name":"Guatemala Prospera"}]},{"@type":"WebSite","@id":"https:\/\/aprendoencasayenclase.mineduc.gob.gt\/#website","url":"https:\/\/aprendoencasayenclase.mineduc.gob.gt\/","name":"Aprendoencasa","description":"Aprendo","potentialAction":[{"@type":"SearchAction","target":{"@type":"EntryPoint","urlTemplate":"https:\/\/aprendoencasayenclase.mineduc.gob.gt\/?s={search_term_string}"},"query-input":"required name=search_term_string"}],"inLanguage":"es"}]}},"_links":{"self":[{"href":"https:\/\/aprendoencasayenclase.mineduc.gob.gt\/index.php\/wp-json\/wp\/v2\/pages\/17753"}],"collection":[{"href":"https:\/\/aprendoencasayenclase.mineduc.gob.gt\/index.php\/wp-json\/wp\/v2\/pages"}],"about":[{"href":"https:\/\/aprendoencasayenclase.mineduc.gob.gt\/index.php\/wp-json\/wp\/v2\/types\/page"}],"author":[{"embeddable":true,"href":"https:\/\/aprendoencasayenclase.mineduc.gob.gt\/index.php\/wp-json\/wp\/v2\/users\/1"}],"replies":[{"embeddable":true,"href":"https:\/\/aprendoencasayenclase.mineduc.gob.gt\/index.php\/wp-json\/wp\/v2\/comments?post=17753"}],"version-history":[{"count":48,"href":"https:\/\/aprendoencasayenclase.mineduc.gob.gt\/index.php\/wp-json\/wp\/v2\/pages\/17753\/revisions"}],"predecessor-version":[{"id":19256,"href":"https:\/\/aprendoencasayenclase.mineduc.gob.gt\/index.php\/wp-json\/wp\/v2\/pages\/17753\/revisions\/19256"}],"wp:attachment":[{"href":"https:\/\/aprendoencasayenclase.mineduc.gob.gt\/index.php\/wp-json\/wp\/v2\/media?parent=17753"}],"curies":[{"name":"wp","href":"https:\/\/api.w.org\/{rel}","templated":true}]}}