{"id":14303,"date":"2020-11-20T22:54:23","date_gmt":"2020-11-21T04:54:23","guid":{"rendered":"https:\/\/aprendoencasa2.mineduc.gob.gt\/?page_id=14303"},"modified":"2020-12-15T11:21:33","modified_gmt":"2020-12-15T17:21:33","slug":"inclusionid417","status":"publish","type":"page","link":"https:\/\/aprendoencasayenclase.mineduc.gob.gt\/index.php\/inclusionid417\/","title":{"rendered":"Inclusi\u00f3n &#8211; Protocolo de protecci\u00f3n"},"content":{"rendered":"[vc_row el_class=&#8221;dt-sc-process-with-caption&#8221;][vc_column]<div class=\"dt-sc-title with-image alignleft\"><h2>CONADI<\/h2><span><\/span><h6><\/h6><\/div><div id=\"1527664130620-3995f5cb-bdd1\" class=\"dt-sc-empty-space\"><\/div>[vc_column_text]Con el objetivo de generar toma de conciencia sobre los desaf\u00edos que enfrentan las personas con discapacidad ante la pandemia del coronavirus, el consejo nacional para la atenci\u00f3n de las personas con discapacidad, CONADI, consider\u00f3 oportuno orientar al sector p\u00fablico y privado para brindar una atenci\u00f3n integral y dar respuesta a la emergencia humanitaria provocada por el Covid-19, basada en los derechos humanos, como lo indica la convenci\u00f3n sobre los derechos de las personas con discapacidad por medio de la \u201cgu\u00eda para la protecci\u00f3n de los derechos de las personas con discapacidad de Guatemala frente a la crisis del Covid-19.\u201d<\/p>\n<p>D\u00e9 clic en cada una de las im\u00e1genes para ver el PDF.[\/vc_column_text][\/vc_column][\/vc_row][vc_row el_class=&#8221;dt-sc-process-with-caption&#8221;][vc_column width=&#8221;1\/6&#8243;][\/vc_column][vc_column width=&#8221;2\/3&#8243;][vc_single_image source=&#8221;external_link&#8221; alignment=&#8221;center&#8221; external_style=&#8221;vc_box_border&#8221; external_border_color=&#8221;orange&#8221; onclick=&#8221;custom_link&#8221; img_link_target=&#8221;_blank&#8221; css_animation=&#8221;bounceIn&#8221; custom_src=&#8221;https:\/\/aprendoencasayenclase.mineduc.gob.gt\/images\/sampledata\/asimages\/Inclusion\/img\/img_conadi.jpg&#8221; link=&#8221;https:\/\/aprendoencasayenclase.mineduc.gob.gt\/images\/sampledata\/asimages\/Inclusion\/pdf\/PROTOCOLO4final.pdf&#8221;]<div id=\"1608052867231-10bb97c6-1604\" class=\"dt-sc-empty-space\"><\/div>[\/vc_column][vc_column width=&#8221;1\/6&#8243;][\/vc_column][\/vc_row]\n","protected":false},"excerpt":{"rendered":"<p>[vc_row el_class=&#8221;dt-sc-process-with-caption&#8221;][vc_column][vc_column_text]Con el objetivo de generar toma de conciencia sobre los desaf\u00edos que enfrentan las personas con discapacidad ante la pandemia del coronavirus, el consejo nacional para la atenci\u00f3n de las personas con discapacidad, CONADI, consider\u00f3 oportuno orientar al sector p\u00fablico y privado para brindar una atenci\u00f3n integral y dar respuesta a la emergencia humanitaria<a class=\"moretag\" href=\"https:\/\/aprendoencasayenclase.mineduc.gob.gt\/index.php\/inclusionid417\/\"> Continuar&#8230;<\/a><\/p>\n","protected":false},"author":1,"featured_media":0,"parent":0,"menu_order":0,"comment_status":"closed","ping_status":"closed","template":"","meta":[],"yoast_head":"<!-- This site is optimized with the Yoast SEO plugin v19.6.1 - https:\/\/yoast.com\/wordpress\/plugins\/seo\/ -->\n<title>Inclusi\u00f3n - Protocolo de protecci\u00f3n - Aprendoencasayenclase<\/title>\n<meta name=\"robots\" content=\"index, follow, max-snippet:-1, max-image-preview:large, max-video-preview:-1\" \/>\n<link rel=\"canonical\" href=\"https:\/\/aprendoencasayenclase.mineduc.gob.gt\/index.php\/inclusionid417\/\" \/>\n<meta property=\"og:locale\" content=\"es_ES\" \/>\n<meta property=\"og:type\" content=\"article\" \/>\n<meta property=\"og:title\" content=\"Inclusi\u00f3n - Protocolo de protecci\u00f3n - Aprendoencasayenclase\" \/>\n<meta property=\"og:description\" content=\"[vc_row el_class=&#8221;dt-sc-process-with-caption&#8221;][vc_column][vc_column_text]Con el objetivo de generar toma de conciencia sobre los desaf\u00edos que enfrentan las personas con discapacidad ante la pandemia del coronavirus, el consejo nacional para la atenci\u00f3n de las personas con discapacidad, CONADI, consider\u00f3 oportuno orientar al sector p\u00fablico y privado para brindar una atenci\u00f3n integral y dar respuesta a la emergencia humanitaria Continuar...\" \/>\n<meta property=\"og:url\" content=\"https:\/\/aprendoencasayenclase.mineduc.gob.gt\/index.php\/inclusionid417\/\" \/>\n<meta property=\"og:site_name\" content=\"Aprendoencasayenclase\" \/>\n<meta property=\"article:modified_time\" content=\"2020-12-15T17:21:33+00:00\" \/>\n<meta name=\"twitter:card\" content=\"summary_large_image\" \/>\n<meta name=\"twitter:label1\" content=\"Est. reading time\" \/>\n\t<meta name=\"twitter:data1\" content=\"1 minuto\" \/>\n<script type=\"application\/ld+json\" class=\"yoast-schema-graph\">{\"@context\":\"https:\/\/schema.org\",\"@graph\":[{\"@type\":\"WebPage\",\"@id\":\"https:\/\/aprendoencasayenclase.mineduc.gob.gt\/index.php\/inclusionid417\/\",\"url\":\"https:\/\/aprendoencasayenclase.mineduc.gob.gt\/index.php\/inclusionid417\/\",\"name\":\"Inclusi\u00f3n - Protocolo de protecci\u00f3n - Aprendoencasayenclase\",\"isPartOf\":{\"@id\":\"https:\/\/aprendoencasayenclase.mineduc.gob.gt\/#website\"},\"datePublished\":\"2020-11-21T04:54:23+00:00\",\"dateModified\":\"2020-12-15T17:21:33+00:00\",\"breadcrumb\":{\"@id\":\"https:\/\/aprendoencasayenclase.mineduc.gob.gt\/index.php\/inclusionid417\/#breadcrumb\"},\"inLanguage\":\"es\",\"potentialAction\":[{\"@type\":\"ReadAction\",\"target\":[\"https:\/\/aprendoencasayenclase.mineduc.gob.gt\/index.php\/inclusionid417\/\"]}]},{\"@type\":\"BreadcrumbList\",\"@id\":\"https:\/\/aprendoencasayenclase.mineduc.gob.gt\/index.php\/inclusionid417\/#breadcrumb\",\"itemListElement\":[{\"@type\":\"ListItem\",\"position\":1,\"name\":\"Inicio\",\"item\":\"https:\/\/aprendoencasayenclase.mineduc.gob.gt\/\"},{\"@type\":\"ListItem\",\"position\":2,\"name\":\"Inclusi\u00f3n &#8211; Protocolo de protecci\u00f3n\"}]},{\"@type\":\"WebSite\",\"@id\":\"https:\/\/aprendoencasayenclase.mineduc.gob.gt\/#website\",\"url\":\"https:\/\/aprendoencasayenclase.mineduc.gob.gt\/\",\"name\":\"Aprendoencasa\",\"description\":\"Aprendo\",\"potentialAction\":[{\"@type\":\"SearchAction\",\"target\":{\"@type\":\"EntryPoint\",\"urlTemplate\":\"https:\/\/aprendoencasayenclase.mineduc.gob.gt\/?s={search_term_string}\"},\"query-input\":\"required name=search_term_string\"}],\"inLanguage\":\"es\"}]}<\/script>\n<!-- \/ Yoast SEO plugin. -->","yoast_head_json":{"title":"Inclusi\u00f3n - Protocolo de protecci\u00f3n - Aprendoencasayenclase","robots":{"index":"index","follow":"follow","max-snippet":"max-snippet:-1","max-image-preview":"max-image-preview:large","max-video-preview":"max-video-preview:-1"},"canonical":"https:\/\/aprendoencasayenclase.mineduc.gob.gt\/index.php\/inclusionid417\/","og_locale":"es_ES","og_type":"article","og_title":"Inclusi\u00f3n - Protocolo de protecci\u00f3n - Aprendoencasayenclase","og_description":"[vc_row el_class=&#8221;dt-sc-process-with-caption&#8221;][vc_column][vc_column_text]Con el objetivo de generar toma de conciencia sobre los desaf\u00edos que enfrentan las personas con discapacidad ante la pandemia del coronavirus, el consejo nacional para la atenci\u00f3n de las personas con discapacidad, CONADI, consider\u00f3 oportuno orientar al sector p\u00fablico y privado para brindar una atenci\u00f3n integral y dar respuesta a la emergencia humanitaria Continuar...","og_url":"https:\/\/aprendoencasayenclase.mineduc.gob.gt\/index.php\/inclusionid417\/","og_site_name":"Aprendoencasayenclase","article_modified_time":"2020-12-15T17:21:33+00:00","twitter_card":"summary_large_image","twitter_misc":{"Est. reading time":"1 minuto"},"schema":{"@context":"https:\/\/schema.org","@graph":[{"@type":"WebPage","@id":"https:\/\/aprendoencasayenclase.mineduc.gob.gt\/index.php\/inclusionid417\/","url":"https:\/\/aprendoencasayenclase.mineduc.gob.gt\/index.php\/inclusionid417\/","name":"Inclusi\u00f3n - Protocolo de protecci\u00f3n - Aprendoencasayenclase","isPartOf":{"@id":"https:\/\/aprendoencasayenclase.mineduc.gob.gt\/#website"},"datePublished":"2020-11-21T04:54:23+00:00","dateModified":"2020-12-15T17:21:33+00:00","breadcrumb":{"@id":"https:\/\/aprendoencasayenclase.mineduc.gob.gt\/index.php\/inclusionid417\/#breadcrumb"},"inLanguage":"es","potentialAction":[{"@type":"ReadAction","target":["https:\/\/aprendoencasayenclase.mineduc.gob.gt\/index.php\/inclusionid417\/"]}]},{"@type":"BreadcrumbList","@id":"https:\/\/aprendoencasayenclase.mineduc.gob.gt\/index.php\/inclusionid417\/#breadcrumb","itemListElement":[{"@type":"ListItem","position":1,"name":"Inicio","item":"https:\/\/aprendoencasayenclase.mineduc.gob.gt\/"},{"@type":"ListItem","position":2,"name":"Inclusi\u00f3n &#8211; Protocolo de protecci\u00f3n"}]},{"@type":"WebSite","@id":"https:\/\/aprendoencasayenclase.mineduc.gob.gt\/#website","url":"https:\/\/aprendoencasayenclase.mineduc.gob.gt\/","name":"Aprendoencasa","description":"Aprendo","potentialAction":[{"@type":"SearchAction","target":{"@type":"EntryPoint","urlTemplate":"https:\/\/aprendoencasayenclase.mineduc.gob.gt\/?s={search_term_string}"},"query-input":"required name=search_term_string"}],"inLanguage":"es"}]}},"_links":{"self":[{"href":"https:\/\/aprendoencasayenclase.mineduc.gob.gt\/index.php\/wp-json\/wp\/v2\/pages\/14303"}],"collection":[{"href":"https:\/\/aprendoencasayenclase.mineduc.gob.gt\/index.php\/wp-json\/wp\/v2\/pages"}],"about":[{"href":"https:\/\/aprendoencasayenclase.mineduc.gob.gt\/index.php\/wp-json\/wp\/v2\/types\/page"}],"author":[{"embeddable":true,"href":"https:\/\/aprendoencasayenclase.mineduc.gob.gt\/index.php\/wp-json\/wp\/v2\/users\/1"}],"replies":[{"embeddable":true,"href":"https:\/\/aprendoencasayenclase.mineduc.gob.gt\/index.php\/wp-json\/wp\/v2\/comments?post=14303"}],"version-history":[{"count":9,"href":"https:\/\/aprendoencasayenclase.mineduc.gob.gt\/index.php\/wp-json\/wp\/v2\/pages\/14303\/revisions"}],"predecessor-version":[{"id":16169,"href":"https:\/\/aprendoencasayenclase.mineduc.gob.gt\/index.php\/wp-json\/wp\/v2\/pages\/14303\/revisions\/16169"}],"wp:attachment":[{"href":"https:\/\/aprendoencasayenclase.mineduc.gob.gt\/index.php\/wp-json\/wp\/v2\/media?parent=14303"}],"curies":[{"name":"wp","href":"https:\/\/api.w.org\/{rel}","templated":true}]}}